 2. Give p(-14).
-2
Let a(f) = -2*f**2 - 26*f - 78. Calculate a(-4).
-6
Let z(o) = o - 15. What is z(-19)?
-34
Let z(v) = -2*v + 22. Calculate z(16).
-10
Let t(u) = -23*u - 159. What is t(-7)?
2
Let j(q) = q**3 - 7*q**2 - 10*q - 71. What is j(9)?
1
Let z(g) = -7*g + 13. What is z(16)?
-99
Let b(k) = -75*k - 11. Determine b(-1).
64
Let g(i) = i**3 - 7*i**2 + 4*i + 2. What is g(4)?
-30
Let o(a) = 2*a**3 - 4*a**2 + 3*a - 2. What is o(2)?
4
Let i(f) = 3*f**2 - 33*f + 86. Calculate i(5).
-4
Let t(p) = 3*p**2 - 15*p + 8. What is t(4)?
-4
Let h(x) = -16*x - 137. What is h(-8)?
-9
Let q(d) = -4*d**2 - 5*d - 7. Determine q(-2).
-13
Let r(w) = -60*w + 355. Give r(6).
-5
Let v(z) = 2*z + 8. Determine v(3).
14
Let a(s) = s**2 - 17*s - 15. Calculate a(18).
3
Let p(t) = -9*t**2 + t + 4. Give p(3).
-74
Let g(f) = f**3 + 14*f**2 + f + 17. Determine g(-14).
3
Let d(b) = 3*b + 3. What is d(-5)?
-12
Let a(w) = -w**3 + w**2 + 13*w - 15. What is a(4)?
-11
Let u(c) = -c**2 + 1. Calculate u(-1).
0
Let x(g) = -10*g - 112. Calculate x(-10).
-12
Let g(v) = -2*v**3 - v**2 - v + 1. What is g(-1)?
3
Let i(h) = 42*h - 232. Calculate i(6).
20
Let k(z) = -z**3 + 5*z**2 - 5*z - 2. Determine k(5).
-27
Let a(i) = 7*i**2 - 14*i + 28. Determine a(2).
28
Let h(k) = -k**2 - 69*k + 69. Calculate h(1).
-1
Let o(p) = 8*p**2 - 7*p - 13. What is o(5)?
152
Let p(s) = s**3 - 3*s**2 - 7*s - 4. Determine p(-2).
-10
Let n(v) = v**2 - 12*v - 16. What is n(11)?
-27
Let o(y) = -2*y - 8. Determine o(6).
-20
Let f(x) = 3*x**3 - x**2 + 4*x - 3. What is f(1)?
3
Let w(d) = -d**2 + 2*d - 4. What is w(4)?
-12
Let t(l) = -l**3 - 11*l**2 - 22*l + 3. What is t(-9)?
39
Let k(n) = n**3 - 11*n**2 - 10. Calculate k(11).
-10
Let m(x) = -10*x - 42. Determine m(-5).
8
Let r(j) = 6*j - 89. Calculate r(15).
1
Let j(n) = -n**3 - 8*n**2 - 3*n + 3. What is j(-8)?
27
Let v(d) = -23*d**2 + 17*d - 1. What is v(1)?
-7
Let f(l) = -l**3 + 5*l**2 + 12*l + 17. Determine f(7).
3
Let w(a) = -3*a - 23. What is w(-9)?
4
Let n(i) = -i**2 - 3*i + 19. Calculate n(-10).
-51
Let l(r) = r**3 - 2*r**2 - 2*r + 3. What is l(3)?
6
Let p(v) = -v**3 - 3*v**2 - 16*v - 15. Determine p(-4).
65
Let o(l) = -34*l + 1. What is o(-1)?
35
Let x(b) = b**3 + 12*b**2 - 2*b + 29. Calculate x(-13).
-114
Let k(b) = b**3 + 10*b**2 + 23*b - 9. Give k(-6).
-3
Let x(i) = -i + 13. Determine x(13).
0
Let h(g) = -g + 1. What is h(-5)?
6
Let w(v) = -2*v**3 - 5*v**2 - 7*v - 9. Calculate w(-3).
21
Let f(c) = -c**3 + 8*c**2 - c - 2. Determine f(6).
64
Let o(l) = -l**2 - 10*l - 27. Give o(-2).
-11
Let p(u) = u**3 - 11*u**2 - 6*u - 12. Give p(12).
60
Let c(n) = 2*n - 53. Give c(18).
-17
Let v(k) = 4*k**2 + 16*k - 7. Give v(-4).
-7
Let a(y) = -y**2 - 3*y + 14. What is a(-6)?
-4
Let k(s) = -s**3 + 54*s**2 - 106*s + 105. Calculate k(52).
1
Let u(p) = p**3 + 15*p**2 + 19. Calculate u(-15).
19
Let t(z) = -12*z - 2. Calculate t(2).
-26
Let p(b) = 2*b**2 + 11*b + 4. Calculate p(-7).
25
Let t(b) = b**3 - 3*b**2 - 2*b + 2. Give t(4).
10
Let q(j) = -2*j**3 - 4*j**2 + j + 3. What is q(-4)?
63
Let t(c) = -c**3 - 16*c**2 - 13*c + 43. Calculate t(-15).
13
Let q(n) = 3*n**3 + n**2 + 9*n - 9. Give q(1).
4
Let u(o) = o**3 + 6*o**2 - 4*o - 8. Calculate u(-7).
-29
Let p(m) = 63*m**2 + 2*m + 2. What is p(-1)?
63
Let r(v) = v**3 + 8*v**2 + 9*v - 11. Give r(-5).
19
Let l(d) = 3*d - 6. Give l(8).
18
Let i(p) = -14*p - 48. Give i(-4).
8
Let b(y) = -17*y**2. Give b(-1).
-17
Let y(u) = u**3 + 34*u**2 - 34*u + 33. What is y(-35)?
-2
Let c(q) = 8*q**3 - 3*q**2 + 2*q + 2. What is c(1)?
9
Let c(u) = -u + 4. Determine c(4).
0
Let q(w) = 5*w - 25. Give q(10).
25
Let x(f) = f**3 - 23*f**2 - 3*f + 68. What is x(23)?
-1
Let m(i) = -i**2 - 16*i + 78. What is m(-20)?
-2
Let r(x) = -4*x + 32. Give r(9).
-4
Let g(h) = 80*h + 629. What is g(-8)?
-11
Let o(g) = -g**2 - 7*g + 8. Determine o(-7).
8
Let p(n) = -n**2 - 10*n - 23. Determine p(-5).
2
Let z(p) = -3*p**3 - 2*p**2 - p. Determine z(-1).
2
Let b(j) = j - 7. Give b(3).
-4
Let s(b) = -5*b + 3. Calculate s(3).
-12
Let a(g) = 13*g**2 - 6*g + 6. Give a(1).
13
Let i(o) = -2*o**2 - 17*o + 22. What is i(-10)?
-8
Let h(p) = -p**3 - 7*p**2 + 3*p + 15. Give h(-8).
55
Let f(c) = 3*c**2 - 41*c - 67. Determine f(15).
-7
Let t(q) = -5*q - 1. Determine t(3).
-16
Let t(w) = -w**3 + 6*w**2 + 12*w - 11. What is t(8)?
-43
Let s(b) = -b**3 + 2*b**2 - 7*b + 8. What is s(5)?
-102
Let a(u) = -2*u**3 - u**2 - 2*u + 33. Determine a(0).
33
Let r(n) = 2*n**2 + 9*n - 14. Give r(-6).
4
Let x(k) = -10*k**2 - 6*k - 5. Give x(-1).
-9
Let r(v) = -v**2 + 2*v - 16. What is r(0)?
-16
Let u(j) = 5*j - 2. Determine u(2).
8
Let y(l) = -11*l - 111. Give y(-10).
-1
Let t(q) = -q**3 - q**2. Give t(0).
0
Let g(a) = 34*a - 278. Calculate g(8).
-6
Let f(l) = 8*l + 75. What is f(-8)?
11
Let r(m) = 2*m**3 + 4*m**2 + 1. Determine r(-3).
-17
Let m(f) = -4*f - 14. Calculate m(-6).
10
Let j(i) = -7*i - 154. Determine j(-19).
-21
Let i(t) = -t**2 + 18*t + 41. What is i(20)?
1
Let j(m) = -m**3 + 4*m**2 - 10*m + 43. Calculate j(4).
3
Let j(b) = 97*b - 89. Determine j(1).
8
Let z(f) = -f**3 - 36*f**2 - 97*f + 50. Give z(-33).
-16
Let x(w) = w - 11. Give x(5).
-6
Let a(t) = -t**3 + 2*t - 4. What is a(2)?
-8
Let f(q) = q**3 + q**2 - 5*q + 26. Calculate f(0).
26
Let m(t) = 36*t - 21. What is m(0)?
-21
Let d(g) = -g - 6. Determine d(0).
-6
Let u(g) = -g**3 + 8*g**2 - 6*g + 9. Determine u(6).
45
Let l(p) = p - 6. What is l(7)?
1
Let z(i) = 3*i**2 - 39*i - 8. Calculate z(13).
-8
Let m(d) = -d**2 - 26*d + 127. Calculate m(-28).
71
Let k(t) = -3*t**2 + 20*t + 4. Determine k(9).
-59
Let i(v) = v**2 - 5*v - 6. Determine i(4).
-10
Let a(l) = -l + 101. Calculate a(-10).
111
Let j(d) = -12*d**2 + 6*d + 2. Calculate j(-3).
-124
Let f(q) = q**3 + 12*q**2 - 14*q - 25. Determine f(-13).
-12
Let s(h) = 9*h - 160. What is s(18)?
2
Let d(k) = -k**3 - 8*k**2 + 16*k + 11. Determine d(-10).
51
Let b(n) = 24*n + 6. Determine b(2).
54
Let t(j) = -j**3 - 3*j**2 - 2*j + 4. Give t(-3).
10
Let v(l) = -2*l**2 + 2*l + 35. What is v(-5)?
-25
Let m(b) = -107*b**2 + 2. Calculate m(-1).
-105
Let q(h) = h + 22. What is q(-12)?
10
Let q(p) = -p**3 - 56*p**2 + 75*p + 1024. Calculate q(-57).
-2
Let r(w) = w**2 + 2. What is r(0)?
2
Let n(s) = s**3 + 8*s**2 + 6*s - 10. What is n(-7)?
-3
Let c(k) = 2*k + 3. Calculate c(-3).
-3
Let r(h) = -7*h**3 + 2*h**2 + 6*h + 4. Determine r(-1).
7
Let w(v) = -2*v**3 + 2*v**2 + 5*v + 12. Calculate w(4).
-64
Let h(d) = -d - 10. Determine h(11).
-21
Let y(j) = j**3 - 6*j**2 + 7*j - 4. Give y(4).
-8
Let a(u) = 14*u - 112. Give a(7).
-14
Let b(i) = -i**3 + 12*i**2 - 6*i - 49. What is b(11)?
6
Let z(o) = -o**2 - 10*o - 11. What is z(-9)?
-2
Let z(t) = -t - 33. What is z(-9)?
-24
Let m(l) = -5*l - 74. What is m(-15)?
1
Let m(u) = 6*u - 45. What is m(7)?
-3
Let i(o) = o**2 + 24*o + 40. What is i(-23)?
17
Let o(n) = n. Give o(-2).
-2
Let p(x) = -x**2 + 10*x - 6. Give p(8).
10
Let j(a) = -a**3 - 2*a - 1. Calculate j(0).
-1
Let v(q) = -11*q + 7. What is v(6)?
-59
Let m(d) = d**2 - 6*d + 9. Determine m(4).
1
Let m(z) = -2*z**3 - 4*z**2 + 1. Calculate m(-4).
65
Let r(k) = k**3 + 5*k**2 - 6*k - 5. Give r(-5).
25
Let l(f) = 3*f - 9. What is l(-17)?
-60
Let a(h) = 7*h**3 + 3*h**2 - 4*h + 2. Calculate a(1).
8
Let x(j) = 2*j**2 + j - 1. What is x(-1)?
0
Let m(i) = -5*i + 39. Determine m(7).
4
Let l(j) = 13*j + 262. Determine l(-17).
41
Let p(f) = f**2 - 8*f - 44. Calculate p(12).
4
Let m(h) = -78*h - 9. What is m(-1)?
69
Let m(r) = -2*r**3 - 15*r**2 + 2*r - 49. Give m(-8).
-1
Let t(w) = -7*w**3 - w**2 - 16*w - 37. Calculate t(-2).
47
Let n(j) = -8*j + 37. Determine n(6).
-11
Let l(n) = -4*n**2 - 24*n. Give l(-6).
0
Let k(l) = -2*l**2 + 6*l - 6. Give k(8).
-86
Let u(i) = -i**2 + 25*i + 143. Give u(-5).
-7
Let c(z) = 6*z**2 + 3*z + 3. Give c(-1).
6
Let w(z) = z**3 + 10*z**2 - 11*z - 4. What is w(-11)?
-4
Let w(b) = -2*b**3 + 17*b**2 - 13*b - 67. Calculate w(7).
-11
Let u(q) = q**3 + 34*q**2 - 34*q + 69. What is u(-35)?
34
Let p(j) = -j**2 + j + 39. Determine p(7).
-3
Let l(f) = f**2 + 9*f + 16. Determine l(-6).
-2
Let y(c) = 8*c**2 - 11*c - 12. Give y(-1).
7
Let f(q) = q**2 + 35*q + 279. Calculate f(-13).
-7
Let c(r) = r**3 - 4*r**2 + 9. Determine c(5).
34
Let i(q) = -q**2 - 24*q - 98. Determine i(-18).
10
Let s(k) = 2*k - 44